{"id":14,"date":"2008-04-05T12:55:31","date_gmt":"2008-04-05T11:55:31","guid":{"rendered":"http:\/\/www.homoeopathie-braunschweig.com\/"},"modified":"2025-10-13T08:07:03","modified_gmt":"2025-10-13T07:07:03","slug":"aktuelles","status":"publish","type":"page","link":"https:\/\/www.homoeopathie-braunschweig.com\/","title":{"rendered":"Aktuelles"},"content":{"rendered":"<h2><span style=\"font-family: Arial;\">Hom\u00f6opathie \u2013 alles blo\u00df Glaubenssache?<\/span><\/h2>\n<p class=\"MsoNormal\"><span style=\"font-family: Arial;\"><b><a class=\"moz-txt-link-freetext\" href=\"https:\/\/www.homoeopathie-online.info\/interview-homoeopathie-alles-bloss-glaubenssache\/\" target=\"_blank\" rel=\"noopener\">https:\/\/www.homoeopathie-online.info\/interview-homoeopathie-alles-bloss-glaubenssache\/<\/a><\/b><\/span><\/p>\n<p>&nbsp;<\/p>\n<h2><span style=\"font-family: Arial;\">Nun auch in der Hom\u00f6opathie: eine Patientenf\u00fcrsprecherin wurde von den Qualtit\u00e4tsverb\u00e4nden bestellt, um unkompliziert und zeitnah Probleme anzusprechen<\/span><\/h2>\n<p><i><span style=\"font-family: Arial;\"><b><a class=\"moz-txt-link-freetext\" href=\"https:\/\/www.patientenfuersprecher-homoeopathie.de\/\" target=\"_blank\" rel=\"noopener\">https:\/\/www.patientenfuersprecher-homoeopathie.de\/<\/a><\/b><\/span><\/i><\/p>\n<p>&nbsp;<\/p>\n<h2><span style=\"font-family: Arial;\">Zwei aktuelle Websites befassen sich mit dem Stand der Forschung in der Hom\u00f6opathie. Sie erleichtern es Ihnen, sich \u00fcber den aktuellen Stand der Forschung zu informieren.<\/span><\/h2>\n<p>Die eine website wird vom Institut f\u00fcr Komplement\u00e4re und Integrative Medizin betrieben, das an der medizinischen Fakult\u00e4t der Universit\u00e4t Bern angesiedelt ist und dessen stellvertretender Direktor PD Dr. Stephan Baumgartner ist. <a href=\"https:\/\/www.ikim.unibe.ch\/forschung\/uebersichten_zum_stand_der_forschung\/homoeopathie\/index_ger.html\" target=\"_blank\" rel=\"noopener noreferrer\">https:\/\/www.ikim.unibe.ch<\/a><\/p>\n<p>Die zweite Website Faktencheck Hom\u00f6opathie wurde vom Deutschen Netzwerk f\u00fcr Hom\u00f6opathie ins Leben gerufen, das auch schon die Website homoeopathie-heute.de betreibt.  Sie informiert allgemein \u00fcber die Hom\u00f6opathie und listet z.B. zehn gute Gr\u00fcnde auf, die f\u00fcr die Hom\u00f6opathie sprechen. Dar\u00fcber hinaus wird der Stand der Grundlagenforschung dargestellt und auf relevante Beitr\u00e4ge zum Thema auf anderen Websites verlinkt. Auch der Stand der klinischen Forschung wird kommentiert. Es findet sich auch eine Rubrik zur Qualit\u00e4t der hom\u00f6opathischen Studien, ein Aspekt der h\u00e4ufig von Hom\u00f6opathie-Kritikern thematisiert wird. <a href=\"https:\/\/www.xn--faktencheck-homopathie-8hc.de\/\" target=\"_blank\" rel=\"noopener noreferrer\">https:\/\/www.xn--faktencheck-homopathie-8hc.de\/<\/a><\/p>\n<p>&nbsp;<\/p>\n<h2><span style=\"font-family: Arial;\">Artemisia annua<\/span><\/h2>\n<p class=\"MsoNormal\"><span style=\"font-family: Arial;\">Artemisia annua &#8211; eine Heilpflanze hat in den letzten Jahren f\u00fcr Furore gesorgt und steht nun in starker Kritik. Informieren sie sich \u00fcber Anwendung, Anbau und lesen sie Erfahrungsberichte weltweit bei <a href=\"https:\/\/anamed.org\/de\/\" target=\"_blank\" rel=\"noopener noreferrer\">https:\/\/anamed.org\/de\/<\/a><\/span><\/p>\n<p>&nbsp;<\/p>\n<h2><span style=\"font-family: Arial;\">Berichterstattung zur Hom\u00f6opathie<\/span><\/h2>\n<p><span style=\"font-family: Arial;\">Berichte und Vortr\u00e4ge zur Hom\u00f6opathie &#8211; <a class=\"moz-txt-link-freetext\" href=\"https:\/\/deref-gmx.net\/mail\/client\/sH-5DeeSpIM\/dereferrer\/?redirectUrl=https%3A%2F%2Fwww.homoeopathie.tv%2F\" target=\"_blank\" rel=\"noopener\">https:\/\/www.homoeopathie.tv\/<\/a><\/span><\/p>\n<p>&nbsp;<\/p>\n<h2><span style=\"font-family: Arial;\">Hausmittel bei Erk\u00e4ltungen<\/span><\/h2>\n<p class=\"MsoNormal\"><span style=\"font-family: Arial;\">sind vielen noch bekannt. Hier zwei links zu vielseitigen M\u00f6glichkeiten &#8211; leicht umsetzbar:<\/span><\/p>\n<p class=\"MsoNormal\"><span style=\"font-family: Arial;\"><a href=\"https:\/\/www.naturmedizin-leben.de\/erkaeltungen-vorbeugen\/\" target=\"_blank\" rel=\"noopener noreferrer\">https:\/\/www.naturmedizin-leben.de\/erkaeltungen-vorbeugen\/<\/a><\/span><\/p>\n<p class=\"MsoNormal\"><span style=\"font-family: Arial;\"><a href=\"https:\/\/www.carstens-stiftung.de\/artikel\/top-10-bei-erkaeltung-und-infekten.html\/\" target=\"_blank\" rel=\"noopener noreferrer\">https:\/\/www.carstens-stiftung.de\/artikel\/top-10-bei-erkaeltung-und-infekten.html<\/a><\/span><\/p>\n<p>&nbsp;<\/p>\n<h2><span style=\"font-family: Arial;\">Bei der Veronika und Carl Carstens Stiftung finden sie praktische und vern\u00fcnftige Hinweise<\/span><\/h2>\n<p class=\"MsoNormal\"><span style=\"font-family: Arial;\">zu z.B.<br \/>\n<a href=\"https:\/\/www.carstens-stiftung.de\/artikel\/top-10-homoeopathische-reiseapotheke.html\" target=\"_blank\" rel=\"noopener noreferrer\">Hom\u00f6opathische Reiseapotheke<\/a><\/span><\/p>\n<p class=\"MsoNormal\"><span style=\"font-family: Arial;\"><a href=\"https:\/\/www.carstens-stiftung.de\/artikel\/top-5-was-tun-bei-schlafstoerungen-nach-zeitumstellung.html\" target=\"_blank\" rel=\"noopener noreferrer\">Was tun bei Schlafst\u00f6rungen nach Zeitumstellung<\/a><\/span><\/p>\n","protected":false},"excerpt":{"rendered":"<p>Hom\u00f6opathie \u2013 alles blo\u00df Glaubenssache? https:\/\/www.homoeopathie-online.info\/interview-homoeopathie-alles-bloss-glaubenssache\/ &nbsp; Nun auch in der Hom\u00f6opathie: eine Patientenf\u00fcrsprecherin wurde von den Qualtit\u00e4tsverb\u00e4nden bestellt, um unkompliziert und zeitnah Probleme anzusprechen https:\/\/www.patientenfuersprecher-homoeopathie.de\/ &nbsp; Zwei aktuelle Websites befassen sich mit dem Stand der Forschung in der Hom\u00f6opathie. Sie erleichtern es Ihnen, sich \u00fcber den aktuellen Stand der Forschung zu informieren. Die eine [&hellip;]<\/p>\n","protected":false},"author":1,"featured_media":0,"parent":0,"menu_order":0,"comment_status":"closed","ping_status":"open","template":"","meta":{"footnotes":""},"class_list":["post-14","page","type-page","status-publish","hentry"],"_links":{"self":[{"href":"https:\/\/www.homoeopathie-braunschweig.com\/index.php?rest_route=\/wp\/v2\/pages\/14","targetHints":{"allow":["GET"]}}],"collection":[{"href":"https:\/\/www.homoeopathie-braunschweig.com\/index.php?rest_route=\/wp\/v2\/pages"}],"about":[{"href":"https:\/\/www.homoeopathie-braunschweig.com\/index.php?rest_route=\/wp\/v2\/types\/page"}],"author":[{"embeddable":true,"href":"https:\/\/www.homoeopathie-braunschweig.com\/index.php?rest_route=\/wp\/v2\/users\/1"}],"replies":[{"embeddable":true,"href":"https:\/\/www.homoeopathie-braunschweig.com\/index.php?rest_route=%2Fwp%2Fv2%2Fcomments&post=14"}],"version-history":[{"count":180,"href":"https:\/\/www.homoeopathie-braunschweig.com\/index.php?rest_route=\/wp\/v2\/pages\/14\/revisions"}],"predecessor-version":[{"id":535,"href":"https:\/\/www.homoeopathie-braunschweig.com\/index.php?rest_route=\/wp\/v2\/pages\/14\/revisions\/535"}],"wp:attachment":[{"href":"https:\/\/www.homoeopathie-braunschweig.com\/index.php?rest_route=%2Fwp%2Fv2%2Fmedia&parent=14"}],"curies":[{"name":"wp","href":"https:\/\/api.w.org\/{rel}","templated":true}]}}